-22)?
-4
Let g(k) = k**3 + 42*k**2 + 5*k - 85. Give g(-42).
-295
Let u(i) = -2*i**3 + 58*i**2 - 143*i + 4149. Calculate u(29).
2
Let x(i) = i**3 - 53*i**2 - 1553*i - 79. Give x(74).
-5
Let v(t) = -t**2 - 37*t - 138. Determine v(-4).
-6
Let t(g) = 10*g - 103. Determine t(8).
-23
Let v(c) = 136*c - 20128. Calculate v(148).
0
Let c(v) = 329*v - 2033. Give c(9).
928
Let i(f) = -f**3 - 25*f**2 + 83. Give i(-25).
83
Let i(a) = -2*a**2 - 42*a + 80. Determine i(-21).
80
Let m(t) = t**2 - 298*t - 2449. Give m(-8).
-1
Let b(p) = 7*p**3 - 37*p**2 + 33*p - 115. Determine b(5).
0
Let p(f) = 9*f + 143. Calculate p(-14).
17
Let v(y) = -2*y**2 + 913*y + 9330. Calculate v(-10).
0
Let f(i) = -i**3 - 47*i**2 - 229*i - 91. Give f(-42).
707
Let a(v) = 7*v**2 + 19*v + 32. Determine a(-3).
38
Let d(q) = 2*q**2 + 67*q - 273. What is d(4)?
27
Let y(n) = n**2 - 28*n - 226. What is y(-8)?
62
Let g(r) = -621*r + 16760. What is g(27)?
-7
Let s(b) = -2*b**2 - 126*b + 91. Determine s(-64).
-37
Let g(a) = -5*a**2 - 45*a + 39. Determine g(-10).
-11
Let r(d) = -34*d - 456. What is r(-4)?
-320
Let v(y) = -6*y**2 + 168*y - 6. Determine v(28).
-6
Let c(x) = 8*x**2 - 302*x + 1086. Give c(4).
6
Let n(l) = -l**3 + 22*l**2 + 2*l - 38. Calculate n(22).
6
Let o(c) = -2*c**2 + 14*c + 4060. Calculate o(-42).
-56
Let m(f) = -8*f**2 - 806*f + 174. Calculate m(-101).
-28
Let c(h) = -3*h**2 - 294*h - 16. Determine c(-98).
-16
Let c(z) = -z**2 - 69*z + 7000. What is c(56)?
0
Let w(m) = -m**3 - 119*m**2 - 10*m - 1236. Give w(-119).
-46
Let j(u) = 12*u**3 + u**2 + u + 265. Calculate j(0).
265
Let m(d) = -d**2 + 888*d - 5300. Give m(6).
-8
Let d(k) = -28*k**2 - 28*k - 1. Determine d(-3).
-169
Let g(s) = s**3 - 111*s**2 + 222*s - 464. Give g(109).
-28
Let d(r) = -72*r - 1951. What is d(-27)?
-7
Let p(m) = -m**2 - 3*m. What is p(-3)?
0
Let w(o) = 648*o - 14284. Determine w(22).
-28
Let o(d) = 1321*d - 3976. What is o(3)?
-13
Let n(h) = -2*h**2 - 583*h - 19446. What is n(-253)?
35
Let a(s) = 7*s**2 - 273*s + 39. Give a(39).
39
Let i(b) = -2*b**3 - 7*b**2 + 18*b + 166. Calculate i(-6).
238
Let c(u) = 284*u - 6798. Give c(24).
18
Let y(g) = g**3 + 17*g**2 + 13*g + 5. Give y(-16).
53
Let v(u) = u**2 + 33*u - 417. Calculate v(10).
13
Let z(h) = -h**3 - 43*h**2 - 54*h - 470. Determine z(-42).
34
Let x(d) = 3*d**2 - 725*d + 3321. Determine x(237).
3
Let u(s) = -s**3 + 26*s**2 - 3*s + 9. Give u(26).
-69
Let d(x) = 318*x**2 + 5*x - 8. Calculate d(0).
-8
Let n(z) = 2*z**3 - 27*z**2 + 20*z - 34. Calculate n(13).
57
Let l(n) = 3*n**2 - 43*n + 62. Calculate l(12).
-22
Let a(r) = -r**3 - 6*r**2 + 35*r - 20. Calculate a(5).
-120
Let l(r) = -r**3 - 78*r**2 + 4*r + 283. Determine l(-78).
-29
Let d(r) = 19*r - 31. Determine d(-8).
-183
Let w(y) = 8*y**3 - 2*y**2 - 16*y - 12. What is w(-1)?
-6
Let g(u) = -2*u**3 - 25*u**2 - 2*u - 32. What is g(-13)?
163
Let s(j) = -18*j**2 - 13*j + 11. Determine s(5).
-504
Let d(u) = -425*u + 1832. Calculate d(5).
-293
Let b(q) = q**2 - 178*q + 7721. Calculate b(102).
-31
Let c(f) = 3*f - 41. Calculate c(20).
19
Let v(p) = -3*p**2 + 149*p - 369. Determine v(47).
7
Let i(p) = -75*p + 967. Determine i(13).
-8
Let z(h) = -2*h**3 + 6*h**2 + 56*h - 263. Calculate z(4).
-71
Let z(k) = k**3 + 21*k**2 + 73*k + 1495. Determine z(-21).
-38
Let f(h) = -15*h**2 + 194*h - 2. Determine f(14).
-226
Let a(r) = 9*r + 221. What is a(-24)?
5
Let f(w) = 2*w**2 - 400*w + 3101. Calculate f(8).
29
Let v(b) = -50*b**2 + 5151*b + 47. What is v(103)?
150
Let l(z) = 6945*z - 48602. Give l(7).
13
Let w(r) = -2*r**3 - 472*r**2 - 3207*r - 232. Calculate w(-229).
-3
Let s(w) = -19*w + 102. Give s(9).
-69
Let p(s) = -2*s**3 + 135*s**2 - 74*s + 385. Determine p(67).
-84
Let p(r) = -20*r**3 - 54*r - 116. Determine p(-2).
152
Let u(t) = -1077*t + 11851. Determine u(11).
4
Let v(b) = -b**3 - 67*b**2 - 470*b + 108. Give v(-59).
-10
Let f(z) = -2*z**3 + 78*z**2 + 4*z - 160. Give f(39).
-4
Let v(n) = 8*n**3 + 2*n**2 + n - 2. Calculate v(1).
9
Let q(t) = 88*t - 269. Give q(3).
-5
Let f(l) = l**2 - 27*l - 376. Give f(37).
-6
Let i(k) = -k**2 - 1528*k - 9117. Give i(-6).
15
Let v(x) = 71*x**2 - 1060*x - 84. Calculate v(15).
-9
Let h(d) = -2*d**3 + 12*d**2 + 21*d - 149. Determine h(5).
6
Let b(c) = c**2 + 78*c - 274. Give b(-82).
54
Let a(t) = 9925*t + 9920. Determine a(-1).
-5
Let s(v) = v**3 - 69*v**2 + 26*v + 2851. Give s(68).
-5
Let g(q) = -q**2 - 2089*q + 4181. Give g(2).
-1
Let h(j) = 10*j - 225. What is h(25)?
25
Let z(v) = 941*v - 1865. Determine z(2).
17
Let p(h) = -25*h + 51. What is p(9)?
-174
Let s(d) = 11*d**2 - 16*d - 79. Determine s(5).
116
Let r(h) = 8*h + 41. What is r(-13)?
-63
Let x(u) = u**3 - 37*u - 13. What is x(6)?
-19
Let h(k) = -3*k**2 + 21*k + 155. Determine h(-5).
-25
Let q(x) = x**3 - 12*x**2 + 132*x + 762. What is q(-4)?
-22
Let n(p) = -304*p**3 + p**2 + 11*p - 11. Calculate n(1).
-303
Let w(f) = 3*f**2 + 78*f + 492. Determine w(-11).
-3
Let c(t) = -10*t**2 - 691*t - 65. Calculate c(-69).
4
Let l(b) = -b**3 - 35*b**2 - 120*b + 3. Determine l(-4).
-13
Let t(v) = 19*v**3 - 4*v**2 - 5*v - 15. Determine t(-4).
-1275
Let q(k) = -87*k + 1994. Determine q(23).
-7
Let m(z) = 2*z**2 - 14*z - 23. Determine m(11).
65
Let a(f) = -16*f + 235. Give a(14).
11
Let p(x) = x**3 - 2*x**2 - 54*x + 23. What is p(8)?
-25
Let t(u) = -u**3 + 10*u**2 + 55*u - 4. What is t(-4)?
0
Let f(g) = 498*g - 47296. Give f(95).
14
Let d(q) = -2*q**2 - 159*q - 1376. Determine d(-69).
73
Let r(g) = -g**2 - 62*g - 576. Calculate r(-11).
-15
Let w(f) = 752*f - 9783. Determine w(13).
-7
Let o(q) = -603*q - 2517. Calculate o(-4).
-105
Let y(j) = -j**3 + 81*j**2 - 309*j + 90. What is y(77)?
13
Let m(c) = c**3 + 126*c**2 + 1463*c - 45. Determine m(-13).
33
Let z(v) = -v**3 + 18*v - 7. Calculate z(4).
1
Let g(k) = -6*k**2 + 349*k - 178. Determine g(57).
221
Let c(u) = -3*u**3 - u**2 - 4*u + 2. Calculate c(2).
-34
Let v(l) = 69*l + 537. Calculate v(-8).
-15
Let g(w) = -1605*w + 12789. Determine g(8).
-51
Let x(p) = 28*p**2 + 173*p - 32. Give x(-6).
-62
Let t(h) = h**3 + 3*h**2 + 385*h + 1555. Determine t(-4).
-1
Let w(h) = -133*h - 813. Give w(-6).
-15
Let l(i) = -2187*i + 26242. Determine l(12).
-2
Let p(k) = 1448*k**2 + 2893*k - 11. Give p(-2).
-5
Let o(q) = 3*q**2 - 75*q + 71. Determine o(1).
-1
Let q(i) = -8*i**3 + i**2 - 7*i + 12. What is q(3)?
-216
Let i(n) = n**3 - 25*n**2 + 130*n + 193. Determine i(10).
-7
Let h(d) = 23*d - 355. Calculate h(15).
-10
Let t(q) = -7*q**2 - 29*q - 30. Give t(-1).
-8
Let i(n) = -n**3 + n**2 + 59*n + 113. Calculate i(-2).
7
Let l(h) = -h**3 + 16*h**2 + 77*h + 13. Give l(20).
-47
Let y(x) = -x**3 - 20*x**2 - 76*x - 1531. Determine y(-20).
-11
Let m(g) = -g**2 + 5*g + 1. Give m(2).
7
Let x(s) = 267*s**2 - 1868*s - 8. Calculate x(7).
-1
Let v(h) = -717*h**3 + h**2 - 2. Determine v(-1).
716
Let p(n) = 63*n - 1455. Give p(23).
-6
Let j(x) = 186*x + 24. Give j(-5).
-906
Let r(i) = 12375*i + 61895. Determine r(-5).
20
Let b(x) = 27*x + 476. Give b(-18).
-10
Let s(p) = -p**2 + 10333*p - 82601. Determine s(8).
-1
Let l(a) = 28*a**2 - 14*a - 16. Give l(-1).
26
Let s(r) = r**3 - 9*r**2 - 54*r + 447. Give s(10).
7
Let w(y) = -3*y**3 - 143*y**2 - 101*y - 368. Calculate w(-47).
-39
Let a(x) = 13*x**2 + 34*x - 25. Give a(-4).
47
Let g(j) = 55*j**2 - 498*j + 37. What is g(9)?
10
Let q(m) = -3*m**2 + 11*m + 46. Give q(-5).
-84
Let g(x) = -82*x**2 - 13*x + 19. Give g(1).
-76
Let c(t) = 157*t + 4553. Give c(-29).
0
Let k(w) = 771*w - 3118. What is k(4)?
-34
Let s(m) = -5*m**2 + 31*m - 1. Give s(6).
5
Let q(k) = -49*k**2 + 452*k - 459. Give q(1).
-56
Let l(b) = b**3 - 11*b**2 - 181*b - 15. Give l(-9).
-6
Let j(u) = -2*u**2 + 181*u + 1366. Calculate j(-7).
1
Let c(t) = -t**2 + 1879*t - 9368. Calculate c(5).
2
Let u(f) = 9*f**2 + 246*f - 3203. Determine u(-37).
16
Let y(j) = 2*j**3 - 64*j**2 - 19*j + 601. Calculate y(32).
-7
Let w(y) = 2*y**3 - 54*y**2 - 37*y - 24. Give w(28).
508
Let z(m) = -33*m**2 - 30*m - 7. Give z(-1).
-10
Let t(p) = -4*p**2 - 25*p - 47. Determine t(-2).
-13
Let u(y) = 3*y**2 + 151*y + 74. What is u(-50)?
24
Let g(x) = 168*x - 3251. Calculate g(19).
-59
Let h(l) = -l**2 - 29*l + 231. Calculate h(-19).
421
Let d(l) = -l**2 + 48*l - 229. Give d(47).
-182
Let f(c) = -c**2 + 283*c + 6689. Calculate f(-22).